?
35b3
In base 15, what is -1bcb + a55?
-1176
In base 9, what is -5 - -27215806?
27215801
In base 14, what is 277 - db34?
-d89b
In base 10, what is -2013287 - 3?
-2013290
In base 3, what is 221010112202 + -201?
221010112001
In base 6, what is 30 + 25133532?
25134002
In base 6, what is -3 - 54205354?
-54205401
In base 6, what is -4224 + -3113?
-11341
In base 7, what is 10300 - -10401?
21001
In base 5, what is 21401 - -1323214?
1400120
In base 11, what is 9185508 + -41?
9185477
In base 11, what is -5 + -46a997aa?
-46a99804
In base 9, what is 1 + -223083431?
-223083430
In base 16, what is 258dc + -9?
258d3
In base 9, what is -2 - 388117?
-388120
In base 3, what is -20200001 + -10000102?
-100200110
In base 13, what is -3 + -cb918?
-cb91b
In base 15, what is 24 - 2135b4?
-213590
In base 4, what is -1202 - 132230302?
-132232110
In base 10, what is 696 + 35745?
36441
In base 6, what is -43 - 104342205?
-104342252
In base 7, what is -2 + 365421245?
365421243
In base 2, what is -1101111110001 - -1110001101100001?
1100011101110000
In base 8, what is -5 + 32204040?
32204033
In base 4, what is -12300333330332 + -2?
-12300333331000
In base 2, what is -1000 - 101010101000101011?
-101010101000110011
In base 10, what is 5958 - 6687?
-729
In base 5, what is 11032 + -10020441?
-10004404
In base 16, what is 2 + -6e775f?
-6e775d
In base 8, what is 10 - 24650130?
-24650120
In base 8, what is -2664245 + 702?
-2663343
In base 13, what is -184 - 7ac528?
-7ac6ac
In base 15, what is -2180 + e26?
-1259
In base 14, what is -38 + 194a?
1912
In base 4, what is 1002303 + -3010?
333233
In base 8, what is -2100340 - -1422?
-2076716
In base 5, what is 210 - 22423034?
-22422324
In base 5, what is -4004110401242 - 3?
-4004110401300
In base 7, what is -3 + 6615213230?
6615213224
In base 12, what is 6281 + aa7?
7168
In base 6, what is 40 + -224303?
-224223
In base 15, what is 6338d - -110?
6349d
In base 7, what is 21 + -140043151?
-140043130
In base 2, what is 100000000 + 10001001111000?
10001101111000
In base 6, what is -154142215 - -1155?
-154141020
In base 12, what is 5 + 1199b890?
1199b895
In base 4, what is 3133 - 1133130102?
-1133120303
In base 3, what is -1102 + -101222210202?
-101222212011
In base 5, what is 10 - -1113320304?
1113320314
In base 15, what is 89453b7 - -4?
89453bb
In base 5, what is 4 + 1300121023?
1300121032
In base 3, what is -21122220022 + -21?
-21122220120
In base 8, what is -14321 + -103700?
-120221
In base 3, what is 0 - 1112200000121?
-1112200000121
In base 9, what is 0 - 1534477?
-1534477
In base 11, what is 1692281 - 0?
1692281
In base 4, what is -3222302013 + -12?
-3222302031
In base 12, what is -749 + -4702?
-524b
In base 11, what is 1939a0 + -899?
193102
In base 9, what is -134800 + 407?
-134382
In base 13, what is 374 + 1cbcb6?
1cc35a
In base 16, what is -b8fe81 + -4?
-b8fe85
In base 11, what is -6 - 79a480?
-79a486
In base 10, what is 3224510 - -30?
3224540
In base 6, what is -3 + -22531221030?
-22531221033
In base 12, what is 0 + 26891228?
26891228
In base 5, what is -1434043101 - 4?
-1434043110
In base 8, what is 1171750 - 66?
1171662
In base 11, what is 1 + 9259841?
9259842
In base 10, what is -15 - -16440?
16425
In base 13, what is -b + -141c992?
-141c9a0
In base 12, what is -326 - 4581?
-48a7
In base 7, what is 6202656 - -2243?
6205232
In base 4, what is 1110233 - 1301111?
-130212
In base 8, what is -1237435 - -5?
-1237430
In base 15, what is -323008 - 3?
-32300b
In base 8, what is -2 + -720517170?
-720517172
In base 14, what is -199 - -5ba1?
5a06
In base 8, what is 302530 - -106?
302636
In base 9, what is -564133 - 11?
-564144
In base 6, what is 221 + -55301?
-55040
In base 16, what is 0 + -aadb4d0?
-aadb4d0
In base 11, what is -1 - 2283746?
-2283747
In base 10, what is -684481 - -3?
-684478
In base 12, what is -24a - -220a2b?
2207a1
In base 4, what is 13 - -10213023122?
10213023201
In base 14, what is 0 - 71429d9?
-71429d9
In base 15, what is -2ea + -223a?
-2535
In base 10, what is 11 - 57277204?
-57277193
In base 13, what is 238 + 19c96?
1a201
In base 11, what is 1530084 - 59?
1530026
In base 7, what is 1044 + 20433?
21510
In base 3, what is -22111112102 - 1?
-22111112110
In base 13, what is 1 + 8792c93?
8792c94
In base 2, what is -11011111001010101111000 + 0?
-11011111001010101111000
In base 9, what is -153 + -471361?
-471524
In base 15, what is -3 - b89044?
-b89047
In base 15, what is -2dc2 - -234?
-2b8d
In base 11, what is -1a45 + -242?
-2187
In base 11, what is 3697 - -794?
4380
In base 9, what is 2 + -812841848?
-812841846
In base 3, what is 2110121 + -21222110?
-12111212
In base 14, what is 7572 + -928?
6a48
In base 2, what is -100 + 11000100001111011010?
11000100001111010110
In base 11, what is -3a987456 - -13?
-3a987443
In base 8, what is 3 + 426513473?
426513476
In base 14, what is b7178 - 1a2?
b6db6
In base 15, what is -32 + -83125?
-83157
In base 7, what is 126125 + -30655?
65140
In base 6, what is 1 + 151050301?
151050302
In base 11, what is -68 + -11772?
-1182a
In base 7, what is -6351260640 - -1?
-6351260636
In base 10, what is -3 - 215672460?
-215672463
In base 14, what is -21b26 + -468?
-22190
In base 12, what is 302 + 2b72?
3274
In base 14, what is 6 - 4cb175?
-4cb16d
In base 12, what is -4b6 + 576a?
5274
In base 3, what is 12100 - -20011211000?
20012000100
In base 4, what is -22321130 + 323121?
-21332003
In base 4, what is -1112332 + 20113?
-1032213
In base 6, what is 21335102 + -154?
21334504
In base 8, what is 26213 + -57?
26134
In base 13, what is 2 + -1388b29?
-1388b27
In base 3, what is 221012220110221 - 10?
221012220110211
In base 10, what is 107 + 499678?
499785
In base 7, what is 1216305 + 235?
1216543
In base 8, what is 41 + 16412417?
16412460
In base 8, what is -5742503244 - 2?
-5742503246
In base 13, what is 56aa - 84?
5626
In base 5, what is -324 - 404341?
-410220
In base 3, what is 2 - -2111212100011021?
2111212100011100
In base 12, what is -8622ab + -7?
-8622b6
In base 6, what is -313002220 - -31?
-313002145
In base 9, what is 5378618 - 1?
5378617
In base 2, what is -100 + 101110101100110000111?
101110101100110000011
In base 8, what is -517704 + 3?
-517701
In base 9, what is 3837778 - -5?
3837784
In base 12, what is -22a - 117231?
-11745b
In base 10, what is -1184350864 - 3?
-1184350867
In base 2, what is 10001011 - 10011011110001010?
-10011011011111111
In base 6, what is -401 - -11502111?
11501310
In base 5, what is -1432010423 - -10?
-1432010413
In base 14, what is -3 - 12436c9?
-12436cc
In base 10, what is -7278 - 9342?
-16620
In base 2, what is -10101011 - -110000101111?
101110000100
In base 11, what is -1214a57 + 2a?
-1214a28
In base 14, what is -65b11dd - -1?
-65b11dc
In base 9, what is 261 + -2607814?
-2607543
In base 6, what is 2314302155 + 1?
2314302200
In base 6, what is 1 - -15530332225?
15530332230
In base 16, what is -33658 + 51?
-33607
In base 6, what is -12 + 142400233?
142400221
In base 3, what is 101111201000202 + 21?
101111201001000
In base 2, what is 11011101110100011 - 1000101110?
11011100101110101
In base 9, what is -7258728 + 101?
-7258627
In base 14, what is -160ad - -12a?
-15d83
In base 4, what is -201330221 - 10003?
-202000230
In base 6, what is -31245440 - 1042?
-31250522
In base 14, what is -5 + -42527?
-4252c
In base 10, what is -25 - -1026755?
1026730
In base 2, what is 1011001011 + 11010000011101110?
11010001110111001
In base 12, what is 5 - -1515508?
1515511
In base 15, what is -53e8 - 950?
-5d48
In base 2, what is -11 + -1110001010001010101?
-1110001010001011000
In base 14, what is -b + -41b76?
-41b83
In base 16, what is -65286 - -2f?
-65257
In base 10, what is -447969555 + 5?
-447969550
In base 7, what is 223015506 + -4?
223015502
In base 3, what is -100200220 + 1200102011?
1022201021
In base 2, what is -10101001 + -100101100111011000?
-100101101010000001
In base 16, what is -4 - 199ae0a?
-199ae0e
In base 3, what is -10222122 + -20120102200?
-20201102022
In base 2, what is 10011001100111011 - 1010111100?
10011000001111111
In base 2, what is 100111 - -100110111100001001?
100110111100110000
In base 2, what is -11 + -1100000001110101011?
-1100000001110101110
In base 2, what is -1011 + -11011111011011100110?
-11011111011011110001
In base 5, what is -12040404441 - -3?
-1204